[INFO] cloning repository https://github.com/Sycrosity/unknown-engine-rs
[INFO] running `Command { std: "git" "-c" "credential.helper=" "-c" "credential.helper=/workspace/cargo-home/bin/git-credential-null" "clone" "--bare" "https://github.com/Sycrosity/unknown-engine-rs" "/workspace/cache/git-repos/https%3A%2F%2Fgithub.com%2FSycrosity%2Funknown-engine-rs", kill_on_drop: false }`
[INFO] [stderr] Cloning into bare repository '/workspace/cache/git-repos/https%3A%2F%2Fgithub.com%2FSycrosity%2Funknown-engine-rs'...
[INFO] running `Command { std: "git" "rev-parse" "HEAD", kill_on_drop: false }`
[INFO] [stdout] b9caed8ede49213b3d819e9e3fd3814a27b3b601
[INFO] checking Sycrosity/unknown-engine-rs against master#9610dfe5a9a731ced1ea4923ecbd0c57fe367898 for beta-170-4
[INFO] running `Command { std: "git" "clone" "/workspace/cache/git-repos/https%3A%2F%2Fgithub.com%2FSycrosity%2Funknown-engine-rs" "/workspace/builds/worker-0-tc1/source", kill_on_drop: false }`
[INFO] [stderr] Cloning into '/workspace/builds/worker-0-tc1/source'...
[INFO] [stderr] done.
[INFO] validating manifest of git repo https://github.com/Sycrosity/unknown-engine-rs on toolchain 9610dfe5a9a731ced1ea4923ecbd0c57fe367898
[INFO] running `Command { std: CARGO_HOME="/workspace/cargo-home" RUSTUP_HOME="/workspace/rustup-home" "/workspace/cargo-home/bin/cargo" "+9610dfe5a9a731ced1ea4923ecbd0c57fe367898" "metadata" "--manifest-path" "Cargo.toml" "--no-deps", kill_on_drop: false }`
[INFO] removed /workspace/builds/worker-0-tc1/source/.cargo/config.toml
[INFO] removed /workspace/builds/worker-0-tc1/source/rust-toolchain.toml
[INFO] started tweaking git repo https://github.com/Sycrosity/unknown-engine-rs
[INFO] finished tweaking git repo https://github.com/Sycrosity/unknown-engine-rs
[INFO] tweaked toml for git repo https://github.com/Sycrosity/unknown-engine-rs written to /workspace/builds/worker-0-tc1/source/Cargo.toml
[INFO] crate git repo https://github.com/Sycrosity/unknown-engine-rs already has a lockfile, it will not be regenerated
[INFO] running `Command { std: CARGO_HOME="/workspace/cargo-home" RUSTUP_HOME="/workspace/rustup-home" "/workspace/cargo-home/bin/cargo" "+9610dfe5a9a731ced1ea4923ecbd0c57fe367898" "fetch" "--manifest-path" "Cargo.toml", kill_on_drop: false }`
[INFO] [stderr]     Updating crates.io index
[INFO] [stderr]  Downloading crates ...
[INFO] [stderr]   Downloaded tobj v3.2.3
[INFO] [stderr]   Downloaded glow v0.12.2
[INFO] running `Command { std: "docker" "create" "-v" "/var/lib/crater-agent-workspace/builds/worker-0-tc1/target:/opt/rustwide/target:rw,Z" "-v" "/var/lib/crater-agent-workspace/builds/worker-0-tc1/source:/opt/rustwide/workdir:ro,Z" "-v" "/var/lib/crater-agent-workspace/cargo-home:/opt/rustwide/cargo-home:ro,Z" "-v" "/var/lib/crater-agent-workspace/rustup-home:/opt/rustwide/rustup-home:ro,Z" "-e" "SOURCE_DIR=/opt/rustwide/workdir" "-e" "CARGO_TARGET_DIR=/opt/rustwide/target" "-e" "CARGO_HOME=/opt/rustwide/cargo-home" "-e" "RUSTUP_HOME=/opt/rustwide/rustup-home" "-w" "/opt/rustwide/workdir" "-m" "1610612736" "--user" "0:0" "--network" "none" "ghcr.io/rust-lang/crates-build-env/linux@sha256:19e73879b68f455e41552ea35293514db52ea292d993f571636dbffedb77a1ee" "/opt/rustwide/cargo-home/bin/cargo" "+9610dfe5a9a731ced1ea4923ecbd0c57fe367898" "metadata" "--no-deps" "--format-version=1", kill_on_drop: false }`
[INFO] [stdout] 3c90b36887d05bb8ac76d5c885eb0852c517ba2619170ec4234ee81a1bfc1575
[INFO] running `Command { std: "docker" "start" "-a" "3c90b36887d05bb8ac76d5c885eb0852c517ba2619170ec4234ee81a1bfc1575", kill_on_drop: false }`
[INFO] running `Command { std: "docker" "inspect" "3c90b36887d05bb8ac76d5c885eb0852c517ba2619170ec4234ee81a1bfc1575", kill_on_drop: false }`
[INFO] running `Command { std: "docker" "rm" "-f" "3c90b36887d05bb8ac76d5c885eb0852c517ba2619170ec4234ee81a1bfc1575", kill_on_drop: false }`
[INFO] [stdout] 3c90b36887d05bb8ac76d5c885eb0852c517ba2619170ec4234ee81a1bfc1575
[INFO] running `Command { std: "docker" "create" "-v" "/var/lib/crater-agent-workspace/builds/worker-0-tc1/target:/opt/rustwide/target:rw,Z" "-v" "/var/lib/crater-agent-workspace/builds/worker-0-tc1/source:/opt/rustwide/workdir:ro,Z" "-v" "/var/lib/crater-agent-workspace/cargo-home:/opt/rustwide/cargo-home:ro,Z" "-v" "/var/lib/crater-agent-workspace/rustup-home:/opt/rustwide/rustup-home:ro,Z" "-e" "SOURCE_DIR=/opt/rustwide/workdir" "-e" "CARGO_TARGET_DIR=/opt/rustwide/target" "-e" "CARGO_INCREMENTAL=0" "-e" "RUST_BACKTRACE=full" "-e" "RUSTFLAGS=--cap-lints=forbid" "-e" "RUSTDOCFLAGS=--cap-lints=forbid" "-e" "CARGO_HOME=/opt/rustwide/cargo-home" "-e" "RUSTUP_HOME=/opt/rustwide/rustup-home" "-w" "/opt/rustwide/workdir" "-m" "1610612736" "--user" "0:0" "--network" "none" "ghcr.io/rust-lang/crates-build-env/linux@sha256:19e73879b68f455e41552ea35293514db52ea292d993f571636dbffedb77a1ee" "/opt/rustwide/cargo-home/bin/cargo" "+9610dfe5a9a731ced1ea4923ecbd0c57fe367898" "check" "--frozen" "--all" "--all-targets" "--message-format=json", kill_on_drop: false }`
[INFO] [stdout] a90d72f84a1602136a48927f5593e8dac3abd50e2eba965b64be42fee2ea3430
[INFO] running `Command { std: "docker" "start" "-a" "a90d72f84a1602136a48927f5593e8dac3abd50e2eba965b64be42fee2ea3430", kill_on_drop: false }`
[INFO] [stderr]    Compiling autocfg v1.1.0
[INFO] [stderr]    Compiling libc v0.2.144
[INFO] [stderr]    Compiling proc-macro2 v1.0.59
[INFO] [stderr]    Compiling unicode-ident v1.0.3
[INFO] [stderr]    Compiling quote v1.0.28
[INFO] [stderr]    Compiling syn v1.0.99
[INFO] [stderr]     Checking once_cell v1.13.1
[INFO] [stderr]    Compiling pkg-config v0.3.25
[INFO] [stderr]     Checking libloading v0.7.3
[INFO] [stderr]    Compiling xml-rs v0.8.4
[INFO] [stderr]    Compiling log v0.4.17
[INFO] [stderr]    Compiling num-traits v0.2.15
[INFO] [stderr]    Compiling memoffset v0.6.5
[INFO] [stderr]     Checking smallvec v1.9.0
[INFO] [stderr]    Compiling memchr v2.5.0
[INFO] [stderr]    Compiling ahash v0.7.6
[INFO] [stderr]    Compiling wayland-sys v0.29.5
[INFO] [stderr]    Compiling wayland-scanner v0.29.5
[INFO] [stderr]    Compiling crc32fast v1.3.2
[INFO] [stderr]     Checking lazy_static v1.4.0
[INFO] [stderr]     Checking dlib v0.5.0
[INFO] [stderr]     Checking adler v1.0.2
[INFO] [stderr]    Compiling lock_api v0.4.7
[INFO] [stderr]     Checking miniz_oxide v0.5.3
[INFO] [stderr]    Compiling indexmap v1.9.1
[INFO] [stderr]    Compiling slotmap v1.0.6
[INFO] [stderr]     Checking termcolor v1.1.3
[INFO] [stderr]    Compiling parking_lot_core v0.9.3
[INFO] [stderr]     Checking minimal-lexical v0.2.1
[INFO] [stderr]     Checking arrayvec v0.7.2
[INFO] [stderr]     Checking downcast-rs v1.2.0
[INFO] [stderr]     Checking adler32 v1.2.0
[INFO] [stderr]     Checking scoped-tls v1.0.0
[INFO] [stderr]     Checking nom v7.1.1
[INFO] [stderr]     Checking getrandom v0.2.7
[INFO] [stderr]     Checking nix v0.24.2
[INFO] [stderr]     Checking deflate v1.0.0
[INFO] [stderr]    Compiling anyhow v1.0.62
[INFO] [stderr]    Compiling io-lifetimes v1.0.11
[INFO] [stderr]    Compiling khronos-egl v4.1.0
[INFO] [stderr]     Checking hashbrown v0.12.3
[INFO] [stderr]     Checking cty v0.2.2
[INFO] [stderr]     Checking bit-vec v0.6.3
[INFO] [stderr]    Compiling ash v0.37.3+1.3.251
[INFO] [stderr]     Checking scopeguard v1.1.0
[INFO] [stderr]     Checking unicode-width v0.1.9
[INFO] [stderr]     Checking byteorder v1.4.3
[INFO] [stderr]     Checking bit-set v0.5.3
[INFO] [stderr]     Checking codespan-reporting v0.11.1
[INFO] [stderr]     Checking raw-window-handle v0.5.0
[INFO] [stderr]    Compiling wayland-client v0.29.5
[INFO] [stderr]    Compiling wayland-protocols v0.29.5
[INFO] [stderr]     Checking xcursor v0.3.4
[INFO] [stderr]     Checking png v0.17.5
[INFO] [stderr]     Checking nix v0.22.3
[INFO] [stderr]     Checking spirv v0.2.0+1.5.4
[INFO] [stderr]    Compiling smithay-client-toolkit v0.16.0
[INFO] [stderr]     Checking wayland-commons v0.29.5
[INFO] [stderr]    Compiling num-integer v0.1.45
[INFO] [stderr]     Checking gpu-alloc-types v0.2.0
[INFO] [stderr]     Checking gpu-descriptor-types v0.1.1
[INFO] [stderr]     Checking ttf-parser v0.19.0
[INFO] [stderr]     Checking vec_map v0.8.2
[INFO] [stderr]     Checking rustc-hash v1.1.0
[INFO] [stderr]     Checking arrayref v0.3.6
[INFO] [stderr]    Compiling rustix v0.37.19
[INFO] [stderr]     Checking hexf-parse v0.2.1
[INFO] [stderr]     Checking strict-num v0.1.1
[INFO] [stderr]     Checking unicode-xid v0.2.3
[INFO] [stderr]     Checking gpu-descriptor v0.2.3
[INFO] [stderr]     Checking gpu-alloc v0.5.3
[INFO] [stderr]    Compiling thiserror-impl v1.0.32
[INFO] [stderr]    Compiling bytemuck_derive v1.2.1
[INFO] [stderr]     Checking parking_lot v0.12.1
[INFO] [stderr]     Checking fxhash v0.2.1
[INFO] [stderr]     Checking memmap2 v0.5.10
[INFO] [stderr]    Compiling x11-dl v2.20.0
[INFO] [stderr]    Compiling num-rational v0.4.1
[INFO] [stderr]     Checking wgpu-types v0.15.2
[INFO] [stderr]     Checking linux-raw-sys v0.3.8
[INFO] [stderr]     Checking owned_ttf_parser v0.19.0
[INFO] [stderr]     Checking renderdoc-sys v0.7.1
[INFO] [stderr]     Checking glow v0.12.2
[INFO] [stderr]     Checking bytemuck v1.12.1
[INFO] [stderr]     Checking tiny-skia-path v0.8.4
[INFO] [stderr]     Checking thiserror v1.0.32
[INFO] [stderr]     Checking calloop v0.10.1
[INFO] [stderr]     Checking naga v0.11.1
[INFO] [stderr]     Checking profiling v1.0.6
[INFO] [stderr]    Compiling cfg_aliases v0.1.1
[INFO] [stderr]     Checking ab_glyph_rasterizer v0.1.8
[INFO] [stderr]    Compiling winit v0.28.6
[INFO] [stderr]     Checking ab_glyph v0.2.21
[INFO] [stderr]     Checking wayland-cursor v0.29.4
[INFO] [stderr]     Checking tiny-skia v0.8.4
[INFO] [stderr]     Checking flate2 v1.0.24
[INFO] [stderr]     Checking aho-corasick v0.7.18
[INFO] [stderr]    Compiling fs_extra v1.2.0
[INFO] [stderr]     Checking weezl v0.1.7
[INFO] [stderr]    Compiling cgmath v0.18.0
[INFO] [stderr]     Checking jpeg-decoder v0.2.6
[INFO] [stderr]    Compiling glob v0.3.0
[INFO] [stderr]     Checking regex-syntax v0.6.27
[INFO] [stderr]     Checking is-terminal v0.4.7
[INFO] [stderr]     Checking tiff v0.7.3
[INFO] [stderr]    Compiling unknown-engine v0.7.2 (/opt/rustwide/workdir)
[INFO] [stderr]     Checking mio v0.8.4
[INFO] [stderr]     Checking approx v0.4.0
[INFO] [stderr]     Checking instant v0.1.12
[INFO] [stderr]     Checking color_quant v1.1.0
[INFO] [stderr]     Checking regex v1.6.0
[INFO] [stderr]     Checking percent-encoding v2.1.0
[INFO] [stderr]     Checking static_assertions v1.1.0
[INFO] [stderr]     Checking humantime v2.1.0
[INFO] [stderr]     Checking image v0.24.3
[INFO] [stderr]     Checking tobj v3.2.3
[INFO] [stderr]     Checking pollster v0.2.5
[INFO] [stderr]     Checking env_logger v0.10.0
[INFO] [stderr]     Checking sctk-adwaita v0.5.4
[INFO] [stderr]     Checking wgpu-hal v0.15.4
[INFO] [stderr]     Checking wgpu-core v0.15.1
[INFO] [stderr]     Checking wgpu v0.15.1
[INFO] [stdout] error[E0308]: mismatched types
[INFO] [stdout]     --> src/lib.rs:283:60
[INFO] [stdout]      |
[INFO] [stdout] 283  |         let instance: wgpu::Instance = wgpu::Instance::new(wgpu::Backends::all());
[INFO] [stdout]      |                                        ------------------- ^^^^^^^^^^^^^^^^^^^^^ expected `InstanceDescriptor`, found `Backends`
[INFO] [stdout]      |                                        |
[INFO] [stdout]      |                                        arguments to this function are incorrect
[INFO] [stdout]      |
[INFO] [stdout] note: associated function defined here
[INFO] [stdout]     --> /opt/rustwide/cargo-home/registry/src/index.crates.io-6f17d22bba15001f/wgpu-0.15.1/src/lib.rs:1330:12
[INFO] [stdout]      |
[INFO] [stdout] 1330 |     pub fn new(instance_desc: InstanceDescriptor) -> Self {
[INFO] [stdout]      |            ^^^
[INFO] [stdout] 
[INFO] [stdout] 
[INFO] [stdout] error[E0308]: mismatched types
[INFO] [stdout]     --> src/lib.rs:283:60
[INFO] [stdout]      |
[INFO] [stdout] 283  |         let instance: wgpu::Instance = wgpu::Instance::new(wgpu::Backends::all());
[INFO] [stdout]      |                                        ------------------- ^^^^^^^^^^^^^^^^^^^^^ expected `InstanceDescriptor`, found `Backends`
[INFO] [stdout]      |                                        |
[INFO] [stdout]      |                                        arguments to this function are incorrect
[INFO] [stdout]      |
[INFO] [stdout] note: associated function defined here
[INFO] [stdout]     --> /opt/rustwide/cargo-home/registry/src/index.crates.io-6f17d22bba15001f/wgpu-0.15.1/src/lib.rs:1330:12
[INFO] [stdout]      |
[INFO] [stdout] 1330 |     pub fn new(instance_desc: InstanceDescriptor) -> Self {
[INFO] [stdout]      |            ^^^
[INFO] [stdout] 
[INFO] [stdout] 
[INFO] [stdout] error[E0308]: mismatched types
[INFO] [stdout]    --> src/lib.rs:287:47
[INFO] [stdout]     |
[INFO] [stdout] 287 |         let surface: wgpu::Surface = unsafe { instance.create_surface(window) };
[INFO] [stdout]     |                                               ^^^^^^^^^^^^^^^^^^^^^^^^^^^^^^^ expected `Surface`, found `Result<Surface, CreateSurfaceError>`
[INFO] [stdout]     |
[INFO] [stdout]     = note: expected struct `Surface`
[INFO] [stdout]                  found enum `std::result::Result<Surface, CreateSurfaceError>`
[INFO] [stdout] 
[INFO] [stdout] 
[INFO] [stdout] error[E0063]: missing field `view_formats` in initializer of `wgpu_types::SurfaceConfiguration<Vec<TextureFormat>>`
[INFO] [stdout]    --> src/lib.rs:324:50
[INFO] [stdout]     |
[INFO] [stdout] 324 |         let config: wgpu::SurfaceConfiguration = wgpu::SurfaceConfiguration {
[INFO] [stdout]     |                                                  ^^^^^^^^^^^^^^^^^^^^^^^^^^ missing `view_formats`
[INFO] [stdout] 
[INFO] [stdout] 
[INFO] [stdout] error[E0308]: mismatched types
[INFO] [stdout]    --> src/lib.rs:287:47
[INFO] [stdout]     |
[INFO] [stdout] 287 |         let surface: wgpu::Surface = unsafe { instance.create_surface(window) };
[INFO] [stdout]     |                                               ^^^^^^^^^^^^^^^^^^^^^^^^^^^^^^^ expected `Surface`, found `Result<Surface, CreateSurfaceError>`
[INFO] [stdout]     |
[INFO] [stdout]     = note: expected struct `Surface`
[INFO] [stdout]                  found enum `std::result::Result<Surface, CreateSurfaceError>`
[INFO] [stdout] 
[INFO] [stdout] 
[INFO] [stdout] error[E0063]: missing field `view_formats` in initializer of `wgpu_types::SurfaceConfiguration<Vec<TextureFormat>>`
[INFO] [stdout]    --> src/lib.rs:324:50
[INFO] [stdout]     |
[INFO] [stdout] 324 |         let config: wgpu::SurfaceConfiguration = wgpu::SurfaceConfiguration {
[INFO] [stdout]     |                                                  ^^^^^^^^^^^^^^^^^^^^^^^^^^ missing `view_formats`
[INFO] [stdout] 
[INFO] [stdout] 
[INFO] [stdout] warning: variable does not need to be mutable
[INFO] [stdout]    --> src/resources.rs:217:21
[INFO] [stdout]     |
[INFO] [stdout] 217 |                 let mut v: &mut model::ModelVertex = &mut vertices[i];
[INFO] [stdout]     |                     ----^
[INFO] [stdout]     |                     |
[INFO] [stdout]     |                     help: remove this `mut`
[INFO] [stdout]     |
[INFO] [stdout]     = note: `#[warn(unused_mut)]` on by default
[INFO] [stdout] 
[INFO] [stdout] 
[INFO] [stdout] warning: variable does not need to be mutable
[INFO] [stdout]    --> src/resources.rs:217:21
[INFO] [stdout]     |
[INFO] [stdout] 217 |                 let mut v: &mut model::ModelVertex = &mut vertices[i];
[INFO] [stdout]     |                     ----^
[INFO] [stdout]     |                     |
[INFO] [stdout]     |                     help: remove this `mut`
[INFO] [stdout]     |
[INFO] [stdout]     = note: `#[warn(unused_mut)]` on by default
[INFO] [stdout] 
[INFO] [stdout] 
[INFO] [stdout] error[E0063]: missing field `view_formats` in initializer of `wgpu_types::TextureDescriptor<Option<&str>, &[TextureFormat]>`
[INFO] [stdout]   --> src/texture.rs:30:15
[INFO] [stdout]    |
[INFO] [stdout] 30 |             &(wgpu::TextureDescriptor {
[INFO] [stdout]    |               ^^^^^^^^^^^^^^^^^^^^^^^ missing `view_formats`
[INFO] [stdout] 
[INFO] [stdout] 
[INFO] [stdout] error[E0063]: missing field `view_formats` in initializer of `wgpu_types::TextureDescriptor<Option<&str>, &[TextureFormat]>`
[INFO] [stdout]    --> src/texture.rs:105:61
[INFO] [stdout]     |
[INFO] [stdout] 105 |         let texture: wgpu::Texture = device.create_texture(&wgpu::TextureDescriptor {
[INFO] [stdout]     |                                                             ^^^^^^^^^^^^^^^^^^^^^^^ missing `view_formats`
[INFO] [stdout] 
[INFO] [stdout] 
[INFO] [stdout] error[E0063]: missing field `view_formats` in initializer of `wgpu_types::TextureDescriptor<Option<&str>, &[TextureFormat]>`
[INFO] [stdout]   --> src/texture.rs:30:15
[INFO] [stdout]    |
[INFO] [stdout] 30 |             &(wgpu::TextureDescriptor {
[INFO] [stdout]    |               ^^^^^^^^^^^^^^^^^^^^^^^ missing `view_formats`
[INFO] [stdout] 
[INFO] [stdout] 
[INFO] [stdout] error[E0063]: missing field `view_formats` in initializer of `wgpu_types::TextureDescriptor<Option<&str>, &[TextureFormat]>`
[INFO] [stdout]    --> src/texture.rs:105:61
[INFO] [stdout]     |
[INFO] [stdout] 105 |         let texture: wgpu::Texture = device.create_texture(&wgpu::TextureDescriptor {
[INFO] [stdout]     |                                                             ^^^^^^^^^^^^^^^^^^^^^^^ missing `view_formats`
[INFO] [stdout] 
[INFO] [stdout] 
[INFO] [stdout] error: aborting due to 5 previous errors; 1 warning emitted
[INFO] [stdout] 
[INFO] [stdout] 
[INFO] [stdout] Some errors have detailed explanations: E0063, E0308.
[INFO] [stdout] 
[INFO] [stdout] For more information about an error, try `rustc --explain E0063`.
[INFO] [stdout] 
[INFO] [stdout] error: aborting due to 5 previous errors; 1 warning emitted
[INFO] [stdout] 
[INFO] [stdout] 
[INFO] [stdout] Some errors have detailed explanations: E0063, E0308.
[INFO] [stdout] 
[INFO] [stdout] For more information about an error, try `rustc --explain E0063`.
[INFO] [stdout] 
[INFO] [stderr] error: could not compile `unknown-engine` (lib test) due to 6 previous errors; 1 warning emitted
[INFO] [stderr] warning: build failed, waiting for other jobs to finish...
[INFO] [stderr] error: could not compile `unknown-engine` (lib) due to 6 previous errors; 1 warning emitted
[INFO] running `Command { std: "docker" "inspect" "a90d72f84a1602136a48927f5593e8dac3abd50e2eba965b64be42fee2ea3430", kill_on_drop: false }`
[INFO] running `Command { std: "docker" "rm" "-f" "a90d72f84a1602136a48927f5593e8dac3abd50e2eba965b64be42fee2ea3430", kill_on_drop: false }`
[INFO] [stdout] a90d72f84a1602136a48927f5593e8dac3abd50e2eba965b64be42fee2ea3430
